 10. Let k be f(-5). Suppose k*u + 129 = 4*s, s - 21 = 2*u - 3*u. Calculate the highest common factor of s and 39.
13
Suppose -l - 3*l = 12. Let i be l/6*2*-15. Suppose 2*s + 4*o - 10 = 0, s + 2*s - 4*o - 5 = 0. Calculate the highest common divisor of i and s.
3
Suppose -v = -3, 3*d - 2 + 5 = -2*v. Let r be (0 + d)/((-2)/24). Calculate the greatest common divisor of 24 and r.
12
Suppose -10*o + 728 - 78 = 0. Let m be 104/10 - (-39)/o. Calculate the highest common divisor of m and 77.
11
Suppose -2*w - 4*x + 46 = 0, -2*x + 0*x + 44 = 2*w. Let j = w + -20. Let l be (-42)/(12/(-4)) - j. Calculate the greatest common factor of 13 and l.
13
Let k(v) = 2*v - 11. Let a be k(7). Suppose -4*u + 120 - 46 = -5*n, 80 = 4*u - 2*n. What is the greatest common divisor of u and a?
3
Let i(w) = 13*w**2 - 6*w + 3. Let x be i(-10). Let b be x/13 + (-8)/(-52). Calculate the greatest common divisor of b and 15.
15
Let y be (-48)/4*3/(-9). Let t(u) = -u - 2. Let x be t(-4). Suppose -y*m - 4*h + 60 = 0, m - 2*m = x*h - 18. What is the greatest common divisor of m and 18?
6
Suppose 5*s + 16 = 31. Suppose -6 = -f - s*j, -3*j + 9 = -f + 45. Calculate the greatest common factor of 84 and f.
21
Let g(u) = -u**2 - 76*u - 97. Let m be g(-28). Calculate the highest common factor of 29 and m.
29
Suppose -18 = -y + x, -3*y + 3*x = 2*y - 84. Let o = -2 + 4. Suppose 1 = 4*n - 5*b + o, 2*n + b = 17. What is the greatest common divisor of y and n?
3
Let h(c) = -2*c - 4 + 0*c - 3*c - 2. Let g(x) = -10*x - 11. Let j(v) = 3*g(v) - 5*h(v). Let k be j(-5). What is the highest common divisor of 198 and k?
22
Suppose 130 = 5*k - 4*k + 5*u, -5*u + 340 = 3*k. What is the greatest common factor of k and 245?
35
Let x = 6217 + -6189. Let p(s) = -s**2 - 7*s - 3. Let g be p(-5). Calculate the highest common divisor of x and g.
7
Let o(u) = -7*u**3 - 2*u**2 - 2*u - 1. Let a be o(-1). Suppose 0 = -3*x + a + 3. Calculate the highest common factor of 3 and x.
3
Suppose 2*q - 332 = 618. What is the greatest common divisor of q and 25?
25
Let r = -200 - -470. What is the greatest common divisor of 108 and r?
54
Let k(s) = -s**3 - 8*s**2 - 7*s + 2. Let m be k(-7). Let x be (m*(10 - 4))/(4 + -3). What is the greatest common divisor of x and 3?
3
Let p = -22 + 34. Let w(z) = 3*z**2 - 4*z - 1. Let t be w(-2). Let c = 23 - t. What is the greatest common factor of c and p?
4
Let l(j) = -2*j. Let x be l(-6). Suppose -18*u + 15*u = -1128. Suppose u = 9*d + 106. What is the highest common divisor of x and d?
6
Suppose 22*m + 900 = 32*m. Calculate the greatest common divisor of m and 1035.
45
Suppose 0 = q + 16 - 126. Suppose -44 - 66 = -5*h. What is the greatest common divisor of q and h?
22
Let f = -251 + 262. Calculate the highest common factor of f and 154.
11
Let m = 599 - 845. Let s be ((14 - 1) + 2)*m/(-205). Suppose -3*y = b - 50 - 76, -y = 0. Calculate the highest common divisor of s and b.
18
Let u(o) = -o**3 + 19*o**2 - 4*o - 35. Let c be u(17). Calculate the highest common divisor of c and 50.
25
Suppose -5*q = 3*q. Suppose -5 = -2*u - 3*t, -5*u + q*t = -4*t - 47. Suppose 4*z = u*z - 99. Calculate the greatest common factor of 11 and z.
11
Suppose -3*p + p = 2*k - 2, 5*p = -3*k + 15. Let y be (-4)/p + ((-176)/(-6))/2. What is the greatest common factor of y and 154?
14
Suppose 0*s = 3*s - 4*t - 9, -t - 5 = 2*s. Let l be (3 - (4 - s))*-12. What is the greatest common factor of l and 192?
24
Let u(t) = -8*t**2 - 10 - t**3 + 9*t**2 + 2 + 3*t**2. Let f be u(-4). What is the greatest common divisor of f and 15?
15
Suppose -66*a + 5 = -71*a. Let w be (-2)/(-8)*a - (-2883)/124. Calculate the greatest common factor of w and 92.
23
Let j = -5 - -4. Let t = -7 - j. Let m be (t - -7) + 10/2. Calculate the highest common factor of m and 6.
6
Let o = 525 + -457. Calculate the highest common factor of 34 and o.
34
Let i(n) = -n**3 + 13*n**2 - 17*n + 40. Let w be i(11). Suppose -2*h = v - 34, -2*h - v = 3*v - 22. Calculate the highest common factor of h and w.
19
Let j = -6 - -11. Suppose f = -l + j*f + 54, -3*l + 5*f = -155. Let h = 19 + -9. What is the highest common factor of l and h?
10
Let a be 120*((-6)/2 - -5). Suppose 6*o - a = 2*o. What is the greatest common divisor of 15 and o?
15
Let u(b) = -18*b - 12. Let w be u(-2). Calculate the highest common factor of w and 3.
3
Let t = -602 - -622. Calculate the highest common divisor of t and 70.
10
Let u(p) = 2*p**3 - p**3 - 14*p + 12*p - 1. Let f be u(2). What is the highest common divisor of f and 1?
1
Let v = 23 + -26. Let i = 17 + v. Let y(z) = -z**3 - 11*z**2 - 13*z - 2. Let r be y(-10). Calculate the highest common divisor of i and r.
14
Suppose 3*j = 5*j + 8. Let y be (-2 - 21/(-2))/((-2)/j). Calculate the highest common divisor of y and 17.
17
Suppose a = -3*a - 3*k + 11, -2*a + 4*k = -22. Suppose a*j + t + 0*t = 36, 0 = -5*t + 5. Calculate the highest common factor of 21 and j.
7
Let i(v) = 2*v**3 - 2*v**2 - 6 - 3*v**3 - v**3 - 6*v. Let a be i(-3). What is the greatest common factor of 12 and a?
12
Let o(k) = -3*k - 5. Let l be o(6). Let n = l + 27. Suppose y = 0, -a - n*a = -4*y - 195. Calculate the highest common factor of a and 13.
13
Suppose -5*y + 2831 = 451. Calculate the highest common divisor of 833 and y.
119
Suppose -2*y + 22 + 48 = 0. Suppose 4*f - 4*p = 52, -f + 18 - 3 = p. Calculate the greatest common factor of f and y.
7
Let p be (-120)/(-54)*-3*3/(-2). What is the greatest common factor of 320 and p?
10
Suppose 3*d + 279 = 2871. Suppose 13*x = 7*x + d. Calculate the greatest common divisor of x and 18.
18
Suppose -2*s = n - 82 - 114, -4*n - 516 = -5*s. Let z = 45 + -20. What is the greatest common divisor of s and z?
25
Suppose -4*z + 135 = s - 2*s, 0 = -3*z + 3*s + 90. Suppose 0 = 5*u - z - 15. What is the highest common divisor of u and 40?
10
Suppose -2*m + 4*a + 7 = -11, -21 = -m + 5*a. Let j be (2/(-3))/m - 10505/(-165). What is the greatest common factor of j and 9?
9
Suppose 0 = 2*h - 391 + 231. What is the highest common divisor of h and 620?
20
Suppose -2*v + 6 = -v. Let a(y) = 2*y**3 + 21*y**2 + y + 146. Let s be a(-11). Calculate the greatest common factor of v and s.
2
Let n = 38 - 23. Let v be (320/28)/((-8)/(-56))*(-3)/(-2). Calculate the highest common factor of v and n.
15
Let f = 13 + -12. Let z = 4 - f. Suppose 228 = z*n - 168. Calculate the highest common divisor of 12 and n.
12
Let v(p) = -p**2 + 7. Let m be v(-3). Let o be m*(-4 - 7/2). Calculate the greatest common factor of o and 5.
5
Suppose 3*w + 0*w - 15 = 0. Let q be 3/(-2)*(12/6)/(-1). Suppose -w*l = o - 31, 2*l + q*l = 5*o - 95. Calculate the highest common factor of o and 21.
21
Suppose 0 = 4*a + 24. Let q be (a + (-7)/(-2))*(-44 - 0). What is the highest common divisor of 22 and q?
22
Suppose -6*w = -11*w + 10. Let y(q) = -11 - q**w + 15*q + 1 - 4*q. Let r be y(9). Calculate the greatest common factor of 16 and r.
8
Suppose -3*g - 21 = -3*z, 2*z + 10*g - 18 = 11*g. Calculate the greatest common factor of 99 and z.
11
Let x(d) = -d**3 + 3*d**2 + 2*d - 2. Let v be x(3). Suppose v*w = -w + 115. What is the greatest common factor of 253 and w?
23
Suppose 2 = 10*f + 22. Let r be -3 + f - 42/(-2). Calculate the greatest common factor of 144 and r.
16
Let r be ((-4)/6)/(9/(-81)). Let v be 2*((-705)/r)/(-5). Suppose -10 = -3*c + v. Calculate the highest common divisor of 209 and c.
19
Suppose -15*b = -56 - 19. Let j be 1/5 - (-3816)/45. Calculate the greatest common factor of b and j.
5
Let a be 150/20 + (-4)/(-8). What is the highest common factor of a and 2?
2
Let s(y) = 53*y - 99. Let h be s(3). What is the greatest common divisor of h and 240?
60
Let v be (-6)/(4/2 + -4). Suppose -y - v*y + 12 = 0. Calculate the greatest common divisor of 12 and y.
3
Let x = 223 - 218. Calculate the greatest common divisor of x and 85.
5
Suppose 136 = 3*x + 43. Let h = -25 + x. Let g be 46 - 4/(2/(-1)). Calculate the greatest common divisor of h and g.
6
Let n be 54 + -55 + (1 - -13). Let i(m) = -2 - 1 - 27*m + 2. Let u be i(-1). What is the highest common factor of n and u?
13
Suppose 3*l + 5*s = 2047, -5*l + 5*s = 3*s - 3422. What is the highest common divisor of l and 108?
36
Suppose -a = 5*x - 6876, -2*a = 20*x - 23*x + 4136. What is the greatest common divisor of 